 3*t - 20. Determine c(-8).
20
Let j(s) = s**3 - 5*s - 4. Determine j(-1).
0
Let z(u) = -11*u**3 + 2*u**2 - 3*u + 1. What is z(2)?
-85
Let c(x) = 10*x - 26. Give c(-12).
-146
Let s(k) = k**2 - 2*k - 14. Calculate s(0).
-14
Let k(z) = 5*z + 51. Determine k(-7).
16
Let n(i) = -35*i + 37. What is n(-3)?
142
Let q(g) = g**3 + 9*g**2 + g - 3. Calculate q(-6).
99
Let c(l) = 3*l**2 - 2*l - 6. Determine c(2).
2
Let q(u) = u**2 + 5*u + 9. Determine q(-3).
3
Let p(c) = c**3 - c**2 - c + 2. Give p(2).
4
Let x(m) = -6*m + 6. Give x(2).
-6
Let u(k) = -23*k**3 - k**2 + 1. Calculate u(1).
-23
Let h(s) = -5*s - 8. Give h(0).
-8
Let r(g) = -20*g - 1. Give r(-1).
19
Let o(t) = -20*t**3. Calculate o(-1).
20
Let i(r) = -18*r**2 + 1. Determine i(1).
-17
Let o(h) = -2*h**3 + 69*h**2 - 34*h + 27. Give o(34).
27
Let x(q) = -40*q**3 + q**2 + 2. What is x(1)?
-37
Let a(x) = x**3 + 10*x**2 - 16*x - 9. Give a(-11).
46
Let n(v) = -3*v - 8. Determine n(16).
-56
Let k(y) = -6*y + 194. What is k(33)?
-4
Let k(f) = -f**2 - 8*f + 21. Calculate k(5).
-44
Let s(k) = 3*k**3 - 11*k**2 - 2*k - 5. What is s(4)?
3
Let z(v) = -v**2 - 16*v - 1. What is z(-11)?
54
Let b(u) = -3*u - 39. Determine b(-14).
3
Let f(q) = -q**3 + 5*q**2 - 6*q + 10. What is f(4)?
2
Let f(j) = 9*j**3 - 2*j - 1. Determine f(-1).
-8
Let z(k) = k**3 - 18*k**2 - k + 14. Give z(18).
-4
Let c(h) = h - 51. What is c(0)?
-51
Let s(f) = -f**3 - 4*f**2 - f - 4. Give s(-4).
0
Let t(g) = 6*g + 48. What is t(-7)?
6
Let b(h) = h + 4. Give b(4).
8
Let b(q) = -q**2 + 3*q + 5. Give b(-4).
-23
Let m(p) = p**2 + 5*p + 2. Calculate m(-5).
2
Let l(d) = -2*d**2 + 9*d + 3. Give l(-4).
-65
Let m(b) = 3*b**3 + b**2 - b - 1. Calculate m(-1).
-2
Let j(g) = -g**3 + 19*g - 29. Determine j(3).
1
Let q(d) = d**2 + 18*d + 30. Determine q(-17).
13
Let j(x) = 10*x**3 + x**2 - x + 1. What is j(1)?
11
Let h(w) = w**3 - 15*w**2 - 16*w - 1. What is h(16)?
-1
Let b(g) = -2*g**2 + 5*g - 4. Calculate b(2).
-2
Let h(w) = -5*w**2 + 10. Determine h(4).
-70
Let o(l) = -2*l**3 - 23*l**2 + 9*l - 18. Give o(-12).
18
Let n(g) = -g**2 - 36*g + 457. Calculate n(-46).
-3
Let h(z) = -z**2 - 48*z + 18. Calculate h(-48).
18
Let t(f) = 7*f + 37. Calculate t(-7).
-12
Let q(p) = -20*p - 1. Give q(3).
-61
Let g(x) = 2*x**2 + 5*x - 62. What is g(-9)?
55
Let i(x) = x**2 - 18*x - 10. What is i(18)?
-10
Let d(h) = 3*h + 46. What is d(11)?
79
Let v(h) = h**3 + 10*h**2 - h + 1. Calculate v(-10).
11
Let z(w) = -w**3 + 9*w**2 - 15*w + 7. Determine z(7).
0
Let h(o) = -o**3 - 3*o**2 + 17*o. Give h(-6).
6
Let f(y) = 64*y + 525. Determine f(-8).
13
Let y(u) = 4*u + 5. Calculate y(-2).
-3
Let t(j) = -6*j**2 + 68*j - 26. What is t(11)?
-4
Let c(y) = 2*y**2 - 32*y + 12. Calculate c(16).
12
Let i(y) = 3*y**3 - y**2 + 3. Give i(-2).
-25
Let n(l) = -l**2 + 5*l + 13. Calculate n(6).
7
Let v(m) = m**3 - 12*m**2 + 3*m - 2. Give v(12).
34
Let r(u) = -u + 9. What is r(22)?
-13
Let h(w) = w - 10. What is h(13)?
3
Let y(g) = -2*g + 17. Determine y(10).
-3
Let s(x) = x**2 + 4*x - 11. Calculate s(-5).
-6
Let i(b) = b**3 + 10*b**2 + 4*b + 33. Give i(-10).
-7
Let l(w) = -w**3 - w**2 + 2*w. Determine l(-3).
12
Let r(m) = m**2 + 16*m - 85. What is r(-16)?
-85
Let v(j) = 3*j**2 - 4*j - 2. Determine v(-1).
5
Let s(y) = -y**2 + 5*y + 7. Determine s(6).
1
Let l(o) = 5*o**3 - 52*o**2 - 34*o + 6. Determine l(11).
-5
Let y(k) = 5*k - 56. Calculate y(10).
-6
Let n(c) = -2*c**3 + 4*c**2 - c - 1. Give n(3).
-22
Let b(w) = 3*w - 3. What is b(8)?
21
Let s(w) = w**3 + 18*w**2 - 16*w + 45. Give s(-19).
-12
Let q(n) = -14*n - 17. Calculate q(-3).
25
Let b(t) = 4*t**2 - 32*t - 2. Determine b(8).
-2
Let f(b) = -12*b - 165. Give f(-14).
3
Let b(u) = -2*u**3 - u**2 + 2*u - 4. Determine b(2).
-20
Let s(r) = 31*r**2 + 15*r - 15. What is s(1)?
31
Let z(p) = 2*p**3 + 37*p**2 - 18*p + 10. Determine z(-19).
-9
Let y(g) = -g - 18. Calculate y(-12).
-6
Let m(r) = -2*r**2 - 3*r + 24. Determine m(-4).
4
Let a(n) = -26*n**2 + 132*n - 2. Calculate a(5).
8
Let q(m) = -m**3 - 9*m**2 + 17*m - 59. Calculate q(-11).
-4
Let o(p) = p**3 - 7*p**2 + 4*p + 4. Calculate o(6).
-8
Let u(k) = -23*k - 13. What is u(-4)?
79
Let i(v) = -v**3 - 10*v**2 - 9*v - 5. What is i(-9)?
-5
Let c(q) = 2*q**3 + 8*q**2 - 11*q - 4. Determine c(-5).
1
Let d(r) = 3*r**2 - 5*r + 4. What is d(4)?
32
Let g(z) = -z**2 + 2*z + 26. Give g(6).
2
Let x(k) = -k**3 + 5*k**2 - 3*k - 4. Determine x(4).
0
Let n(p) = p**2 + 8*p + 11. Calculate n(-6).
-1
Let c(o) = 35*o + 1. Calculate c(1).
36
Let r(n) = -n + 1. What is r(0)?
1
Let u(n) = -n**3 + 7*n**2 - 2. What is u(7)?
-2
Let p(y) = y**2 + 12*y + 19. Calculate p(-13).
32
Let l(f) = -f**3 - f**2 - f - 83. Determine l(0).
-83
Let s(q) = 19*q + 120. Calculate s(-6).
6
Let g(q) = -q**2 - 10*q - 10. Determine g(-8).
6
Let y(s) = -25*s**3 + s**2 + 4*s + 3. Calculate y(-1).
25
Let s(z) = -z**3 + z - 6. Give s(-2).
0
Let h(o) = -22*o + 106. What is h(5)?
-4
Let w(z) = -z - 10. Calculate w(11).
-21
Let y(i) = 2*i**2 - 18*i + 12. Calculate y(8).
-4
Let t(h) = 2*h**3 - 39*h**2 + 17*h + 17. Calculate t(19).
-21
Let j(q) = 2*q**3 - 6*q**2 + 9*q - 4. What is j(3)?
23
Let c(r) = r**3 - 8*r + 4. Calculate c(3).
7
Let j(q) = -3*q - 6. Give j(-12).
30
Let j(l) = l**3 + 9*l**2 + 10*l + 26. Determine j(-8).
10
Let t(b) = -b**2 + 67*b + 423. Determine t(-6).
-15
Let k(x) = 152*x + 144. Calculate k(-1).
-8
Let l(q) = -q**2 + 21*q + 7. Calculate l(21).
7
Let j(m) = -6*m - 18. Give j(-5).
12
Let k(p) = -6*p - 5. Give k(-2).
7
Let s(i) = 10*i + 89. Calculate s(-8).
9
Let z(j) = -24*j**2 - j - 1. What is z(1)?
-26
Let r(t) = 2*t**3 + 8*t**2 - 3*t - 4. Determine r(-4).
8
Let m(o) = o - 6. What is m(4)?
-2
Let d(c) = 2*c - 4. What is d(31)?
58
Let v(b) = -41*b**2 + b + 7. Determine v(2).
-155
Let r(g) = -8*g + 29. What is r(4)?
-3
Let j(f) = -f + 24. Calculate j(22).
2
Let h(y) = y**3 + 21*y**2 + 21*y + 19. Determine h(-20).
-1
Let a(w) = -52*w - 4. What is a(0)?
-4
Let z(x) = -x**2 - 7*x - 6. What is z(-4)?
6
Let m(a) = a**2 + 12*a + 25. Give m(-8).
-7
Let i(j) = 22*j + 2. What is i(-2)?
-42
Let j(d) = d + 3. Give j(-8).
-5
Let z(b) = -25*b - 70. What is z(-3)?
5
Let w(z) = -z**2 - 3*z + 82. Calculate w(8).
-6
Let z(t) = t**2 + 6*t - 19. Give z(9).
116
Let t(z) = -z**2 - 6*z - 5. Calculate t(-9).
-32
Let w(i) = -6*i**2 + 3*i. Give w(3).
-45
Let r(i) = -i**3 - 12*i**2 - 13*i + 12. Calculate r(-10).
-58
Let b(x) = x**2 - 5*x + 4. Determine b(5).
4
Let x(n) = n + 16. Calculate x(7).
23
Let c(o) = o + 2. Calculate c(1).
3
Let u(o) = -o**3 - 6*o**2 - 6*o + 1. Determine u(-6).
37
Let f(l) = l**2 + 8*l - 9. Calculate f(-7).
-16
Let t(g) = g**2 + 15*g + 28. Give t(-12).
-8
Let p(z) = -z**3 + 6*z**2 - 3*z - 18. What is p(4)?
2
Let k(g) = g**3 - 4*g - 2. What is k(-3)?
-17
Let u(c) = -22*c**2 - 2*c. Determine u(-1).
-20
Let b(d) = -2*d**3 - d**2 + 1. Determine b(-2).
13
Let c(o) = 7*o - 29. Calculate c(-4).
-57
Let z(g) = 53*g**3 + g**2 - 2*g + 1. What is z(1)?
53
Let g(y) = y + 26. Give g(-22).
4
Let a(r) = r**3 + 3*r**2 - 3*r - 2. Give a(-3).
7
Let j(z) = 2*z**2 - z - 4. Give j(4).
24
Let n(z) = 11*z**3 - 2*z**2 - 2*z. Calculate n(-2).
-92
Let c(j) = 28*j**3 - 4*j**2 + 6*j - 2. Calculate c(1).
28
Let a(v) = -3*v**2 + 109*v - 46. What is a(36)?
-10
Let h(d) = -2*d**3 - 5*d**2 - 5*d + 6. Calculate h(-3).
30
Let p(g) = -g**2 + 4*g - 2. What is p(4)?
-2
Let c(j) = 2*j**3 - 5*j**2 + 3*j + 7. Calculate c(4).
67
Let w(n) = 24*n**2 - 3*n + 2. What is w(1)?
23
Let g(x) = x**2 - 20*x - 13. Give g(20).
-13
Let c(a) = -22*a + 6. What is c(-1)?
28
Let d(q) = -11*q. Calculate d(1).
-11
Let u(r) = r**3 + 13*r**2 + 33*r + 23. Calculate u(-9).
50
Let s(v) = v**2 + 8*v - 8. What is s(-9)?
1
Let z(p) = 6*p + 12. Calculate z(6).
48
Let w(l) = -2*l - 40. What is w(-14)?
-12
Let y(a) = a**3 + 8*a**2 - 38*a - 49. Give y(-11).
6
Let b(d) = -7*d - 50. Determine b(-7).
-1
Let h(n) = -n**3 - 18*n**2 - 2*n - 61. What is h(-18)?
-25
Let w(k) = -k**2 + 16*k - 14. Calculate w(19).
-71
Let l(q) = -2*q - 4. Calculate l(-4).
4
Let x(h) = h**3 - 9*h**2 + 5*h - 8. What is x(8)?
-32
Let g(o) = -o**3 + 12*o**2 + 12*o + 13. Calculate g(13).
0
Let v(m) = -10*m + 2. Determine v(2).
-18
Let q(n) = n**2 + 14*n + 37. Determine q(-6).
-11
Let b(t) = t**2 - 13*t - 6. Calculate b(6).
-48
Let o(d) = 